{"id":988,"date":"2022-09-23T13:48:07","date_gmt":"2022-09-23T13:48:07","guid":{"rendered":"https:\/\/resulbrave.com\/?post_type=product&#038;p=988"},"modified":"2024-02-21T15:11:56","modified_gmt":"2024-02-21T15:11:56","slug":"picanha","status":"publish","type":"product","link":"https:\/\/resulbrave.com\/shop\/produto\/picanha\/","title":{"rendered":"Picanha"},"content":{"rendered":"<p><span data-sheets-value=\"{&quot;1&quot;:2,&quot;2&quot;:&quot;A picanha por si s\u00f3 j\u00e1 enche as medidas de qualquer um! \\n\\nEsta pe\u00e7a \u00e9 encontrada ao lado do contrafil\u00e9, considerada a regi\u00e3o mais macia do boi, conferindo-lhe um sabor forte e suculento.\\n\\nA nossa picanha passa por um processo de matura\u00e7\u00e3o, tornando-se ainda mais saborosa e tenra.&quot;}\" data-sheets-userformat=\"{&quot;2&quot;:7083,&quot;3&quot;:{&quot;1&quot;:0},&quot;4&quot;:{&quot;1&quot;:2,&quot;2&quot;:16776960},&quot;6&quot;:{&quot;1&quot;:[{&quot;1&quot;:2,&quot;2&quot;:0,&quot;5&quot;:{&quot;1&quot;:2,&quot;2&quot;:0}},{&quot;1&quot;:0,&quot;2&quot;:0,&quot;3&quot;:3},{&quot;1&quot;:1,&quot;2&quot;:0,&quot;4&quot;:1}]},&quot;8&quot;:{&quot;1&quot;:[{&quot;1&quot;:2,&quot;2&quot;:0,&quot;5&quot;:{&quot;1&quot;:2,&quot;2&quot;:0}},{&quot;1&quot;:0,&quot;2&quot;:0,&quot;3&quot;:3},{&quot;1&quot;:1,&quot;2&quot;:0,&quot;4&quot;:1}]},&quot;10&quot;:2,&quot;11&quot;:4,&quot;12&quot;:0,&quot;14&quot;:{&quot;1&quot;:2,&quot;2&quot;:0},&quot;15&quot;:&quot;Arial&quot;}\">A picanha por si s\u00f3 j\u00e1 enche as medidas de qualquer um!<\/span><\/p>\n<p>Esta pe\u00e7a \u00e9 encontrada ao lado do contrafil\u00e9, considerada a regi\u00e3o mais macia do boi, conferindo-lhe um sabor forte e suculento.<\/p>\n<p>A nossa picanha passa por um processo de matura\u00e7\u00e3o, tornando-se ainda mais saborosa e tenra.<\/p>\n","protected":false},"excerpt":{"rendered":"<p>A picanha por si s\u00f3 j\u00e1 enche as medidas de qualquer um! Esta pe\u00e7a \u00e9 encontrada ao lado do contrafil\u00e9, considerada a regi\u00e3o mais macia do boi, conferindo-lhe um sabor forte e suculento. A nossa picanha passa por um processo de matura\u00e7\u00e3o, tornando-se ainda mais saborosa e tenra.<\/p>\n","protected":false},"featured_media":989,"template":"","meta":[],"product_cat":[43],"product_tag":[],"class_list":{"0":"post-988","1":"product","2":"type-product","3":"status-publish","4":"has-post-thumbnail","6":"product_cat-carne-maturada","8":"first","9":"instock","10":"shipping-taxable","11":"purchasable","12":"product-type-simple"},"aioseo_notices":[],"_links":{"self":[{"href":"https:\/\/resulbrave.com\/shop\/wp-json\/wp\/v2\/product\/988","targetHints":{"allow":["GET"]}}],"collection":[{"href":"https:\/\/resulbrave.com\/shop\/wp-json\/wp\/v2\/product"}],"about":[{"href":"https:\/\/resulbrave.com\/shop\/wp-json\/wp\/v2\/types\/product"}],"wp:featuredmedia":[{"embeddable":true,"href":"https:\/\/resulbrave.com\/shop\/wp-json\/wp\/v2\/media\/989"}],"wp:attachment":[{"href":"https:\/\/resulbrave.com\/shop\/wp-json\/wp\/v2\/media?parent=988"}],"wp:term":[{"taxonomy":"product_cat","embeddable":true,"href":"https:\/\/resulbrave.com\/shop\/wp-json\/wp\/v2\/product_cat?post=988"},{"taxonomy":"product_tag","embeddable":true,"href":"https:\/\/resulbrave.com\/shop\/wp-json\/wp\/v2\/product_tag?post=988"}],"curies":[{"name":"wp","href":"https:\/\/api.w.org\/{rel}","templated":true}]}}